{"id":497,"date":"2021-04-28T11:05:52","date_gmt":"2021-04-28T14:05:52","guid":{"rendered":"https:\/\/agiseguros.com.br\/?page_id=497"},"modified":"2024-09-11T15:49:18","modified_gmt":"2024-09-11T18:49:18","slug":"inicio","status":"publish","type":"page","link":"https:\/\/agiseguros.com.br\/","title":{"rendered":"inicio"},"content":{"rendered":"<h1>AGI SEGUROS<\/h1>\n<p>Oferecemos os mais diversos seguros com<br \/>\nas melhores seguradoras do Mercado,<br \/>\nal\u00e9m de Cons\u00f3rcio de autom\u00f3veis e<br \/>\nim\u00f3veis<\/p>\n<p>\t\t\t<a href=\"https:\/\/api.whatsapp.com\/send?phone=551129590615\"><br \/>\n\t\t\t\t<svg aria-hidden=\"true\" viewBox=\"0 0 448 512\" xmlns=\"http:\/\/www.w3.org\/2000\/svg\"><path d=\"M190.5 66.9l22.2-22.2c9.4-9.4 24.6-9.4 33.9 0L441 239c9.4 9.4 9.4 24.6 0 33.9L246.6 467.3c-9.4 9.4-24.6 9.4-33.9 0l-22.2-22.2c-9.5-9.5-9.3-25 .4-34.3L311.4 296H24c-13.3 0-24-10.7-24-24v-32c0-13.3 10.7-24 24-24h287.4L190.9 101.2c-9.8-9.3-10-24.8-.4-34.3z\"><\/path><\/svg><br \/>\n\t\t\t\t\t\t\t\t\tEntre em contato<br \/>\n\t\t\t\t\t<\/a><br \/>\n\t\t\t\t\t\t\t\t\t\t\t\t\t<img loading=\"lazy\" decoding=\"async\" width=\"300\" height=\"250\" src=\"http:\/\/agiseguros.com.br\/wp-content\/uploads\/2023\/08\/Adequar-as-pequenas-e-medias-corretoras-quanto-ao-vazamento-de-dados-e-importante.jpg-600x500-1-e1726074394641.webp\" alt=\"\" \/><br \/>\n\t\t\t\t\t\t\t\t\t\t\t\t\t<img loading=\"lazy\" decoding=\"async\" width=\"1536\" height=\"1024\" src=\"http:\/\/agiseguros.com.br\/wp-content\/uploads\/2023\/08\/37561-1536x1024.jpg\" alt=\"\" srcset=\"https:\/\/agiseguros.com.br\/wp-content\/uploads\/2023\/08\/37561-1536x1024.jpg 1536w, https:\/\/agiseguros.com.br\/wp-content\/uploads\/2023\/08\/37561-300x200.jpg 300w, https:\/\/agiseguros.com.br\/wp-content\/uploads\/2023\/08\/37561-1024x683.jpg 1024w, https:\/\/agiseguros.com.br\/wp-content\/uploads\/2023\/08\/37561-768x512.jpg 768w, https:\/\/agiseguros.com.br\/wp-content\/uploads\/2023\/08\/37561.jpg 1920w\" sizes=\"(max-width: 1536px) 100vw, 1536px\" \/>\t\t\t\t\t\t\t\t\t\t\t\t\t<\/p>\n<h5>Sobre n\u00f3s<\/h5>\n<h2>Temos uma equipe de profissionais experientes que est\u00e3o comprometidos em ajudar nossos clientes a alcan\u00e7ar seus objetivos.<\/h2>\n<p style=\"language: pt-BR; line-height: 115%; text-indent: .4in; text-align: justify; text-justify: inter-ideograph; margin: 0pt .02in 0pt .01in;\">Somos \u00a0uma \u00a0empresa \u00a0formada \u00a0por \u00a0profissionais \u00a0jovens \u00a0e competentes, experientes \u00a0e dedicados. \u00a0A AGI \u00a0SEGUROS \u00a0Corretora \u00a0de Seguros vem \u00a0direcionando \u00a0seus esfor\u00e7os \u00a0no \u00a0sentido \u00a0de alcan\u00e7ar \u00a0qualidade total, investi ndo em \u00a0moderniza\u00e7\u00e3o \u00a0para antecipar-se \u00e0s necessidades \u00a0e expectativas \u00a0do mercado, e criando novas formas de atend\u00ea-lo.<\/p>\n<p>\t\t\t<a href=\"https:\/\/wa.me\/message\/TPKDF3PXAYVGE1\"><br \/>\n\t\t\t\t<svg aria-hidden=\"true\" viewBox=\"0 0 448 512\" xmlns=\"http:\/\/www.w3.org\/2000\/svg\"><path d=\"M190.5 66.9l22.2-22.2c9.4-9.4 24.6-9.4 33.9 0L441 239c9.4 9.4 9.4 24.6 0 33.9L246.6 467.3c-9.4 9.4-24.6 9.4-33.9 0l-22.2-22.2c-9.5-9.5-9.3-25 .4-34.3L311.4 296H24c-13.3 0-24-10.7-24-24v-32c0-13.3 10.7-24 24-24h287.4L190.9 101.2c-9.8-9.3-10-24.8-.4-34.3z\"><\/path><\/svg><br \/>\n\t\t\t\t\t\t\t\t\tSaiba mais sobre n\u00f3s<br \/>\n\t\t\t\t\t<\/a><\/p>\n<h2>Solu\u00e7\u00f5es em Seguros<\/h2>\n<p>\t\t\t\t\t\t\t\t\t\t\t\t\t<img loading=\"lazy\" decoding=\"async\" width=\"275\" height=\"183\" src=\"http:\/\/agiseguros.com.br\/wp-content\/uploads\/2023\/08\/download.jpg\" alt=\"\" \/>\t\t\t\t\t\t\t\t\t\t\t\t\t<\/p>\n<h4>SEGURO PARA AUTOM\u00d3VEL<\/h4>\n<p>O Seguro de autom\u00f3vel serve para todos os tipos de carro, seja ele popular, esportivo, superesportivos, cl\u00e1ssicos ou antigos. O importante \u00e9 cuidar do seu autom\u00f3vel seja ele qual for! Atendendo o Brasil inteiro buscamos um seguro exclusivo para sua necessidade e fazemos isso com o melhor pre\u00e7o do mercado para que voc\u00ea tenha o seguro para cuidar dos seus bens, em vez de se tornar mais uma custo para atrapalhar suas conquistas.<\/p>\n<p>\t\t\t\t\t\t\t\t\t\t\t\t\t<img loading=\"lazy\" decoding=\"async\" width=\"1015\" height=\"400\" src=\"http:\/\/agiseguros.com.br\/wp-content\/uploads\/2023\/08\/01_24-jul-2019.jpg\" alt=\"\" srcset=\"https:\/\/agiseguros.com.br\/wp-content\/uploads\/2023\/08\/01_24-jul-2019.jpg 1015w, https:\/\/agiseguros.com.br\/wp-content\/uploads\/2023\/08\/01_24-jul-2019-300x118.jpg 300w, https:\/\/agiseguros.com.br\/wp-content\/uploads\/2023\/08\/01_24-jul-2019-768x303.jpg 768w\" sizes=\"(max-width: 1015px) 100vw, 1015px\" \/>\t\t\t\t\t\t\t\t\t\t\t\t\t<\/p>\n<h4>Seguro Fian\u00e7a Locat\u00edcia<\/h4>\n<p>Modalidade de garantia prevista na Lei do Inquilinato, o seguro fian\u00e7a possibilita ao inquilino alugar im\u00f3veis sem pedir fian\u00e7a a terceiros.<\/p>\n<p>O pretendente a loca\u00e7\u00e3o se submete \u00e0 an\u00e1lise de um cadastro onde \u00e9 verificada sua situa\u00e7\u00e3o financeira.<\/p>\n<p>Ap\u00f3s a an\u00e1lise a seguradora emitir\u00e1 uma carta de cr\u00e9dito que permitir\u00e1 alugar im\u00f3veis resid\u00eancias e comerciais em diversas localidades do territ\u00f3rio nacional.<\/p>\n<p>\t\t\t\t\t\t\t\t\t\t\t\t\t<img loading=\"lazy\" decoding=\"async\" width=\"770\" height=\"514\" src=\"http:\/\/agiseguros.com.br\/wp-content\/uploads\/2023\/08\/637780153096529320.jpg\" alt=\"\" srcset=\"https:\/\/agiseguros.com.br\/wp-content\/uploads\/2023\/08\/637780153096529320.jpg 770w, https:\/\/agiseguros.com.br\/wp-content\/uploads\/2023\/08\/637780153096529320-300x200.jpg 300w, https:\/\/agiseguros.com.br\/wp-content\/uploads\/2023\/08\/637780153096529320-768x513.jpg 768w\" sizes=\"(max-width: 770px) 100vw, 770px\" \/>\t\t\t\t\t\t\t\t\t\t\t\t\t<\/p>\n<h4>Plano de Sa\u00fade<\/h4>\n<p>O plano de sa\u00fade tem por objetivo garantir atrav\u00e9s de uma rede credenciada ou atrav\u00e9s de reembolso, o acesso do paciente a m\u00e9dicos, laborat\u00f3rios, cl\u00ednicas e hospitais, em caso de doen\u00e7a, acidente pessoal ou gravidez.<\/p>\n<p>\u00c9 um produto que pode ser contratado individualmente, para toda a fam\u00edlia ou por empresas para seus s\u00f3cios e funcion\u00e1rios. Oferecemos diversos tipos de planos e coberturas, desde o plano b\u00e1sico com uma rede credenciada mais modesta at\u00e9 o plano m\u00e1ximo com os mais conceituados prestadores de servi\u00e7os m\u00e9dicos no Brasil e no Exterior.<\/p>\n<p>\t\t\t<a href=\"https:\/\/wa.me\/message\/TPKDF3PXAYVGE1\"><br \/>\n\t\t\t\t<svg aria-hidden=\"true\" viewBox=\"0 0 448 512\" xmlns=\"http:\/\/www.w3.org\/2000\/svg\"><path d=\"M190.5 66.9l22.2-22.2c9.4-9.4 24.6-9.4 33.9 0L441 239c9.4 9.4 9.4 24.6 0 33.9L246.6 467.3c-9.4 9.4-24.6 9.4-33.9 0l-22.2-22.2c-9.5-9.5-9.3-25 .4-34.3L311.4 296H24c-13.3 0-24-10.7-24-24v-32c0-13.3 10.7-24 24-24h287.4L190.9 101.2c-9.8-9.3-10-24.8-.4-34.3z\"><\/path><\/svg><br \/>\n\t\t\t\t\t\t\t\t\t Ver todos os servi\u00e7os<br \/>\n\t\t\t\t\t<\/a><br \/>\n\t\t\t\t\t\t\t\t\t\t\t\t\t<img loading=\"lazy\" decoding=\"async\" width=\"768\" height=\"492\" src=\"http:\/\/agiseguros.com.br\/wp-content\/uploads\/2023\/08\/6592-1170x750-1-768x492.jpg\" alt=\"\" srcset=\"https:\/\/agiseguros.com.br\/wp-content\/uploads\/2023\/08\/6592-1170x750-1-768x492.jpg 768w, https:\/\/agiseguros.com.br\/wp-content\/uploads\/2023\/08\/6592-1170x750-1-300x192.jpg 300w, https:\/\/agiseguros.com.br\/wp-content\/uploads\/2023\/08\/6592-1170x750-1-1024x656.jpg 1024w, https:\/\/agiseguros.com.br\/wp-content\/uploads\/2023\/08\/6592-1170x750-1.jpg 1170w\" sizes=\"(max-width: 768px) 100vw, 768px\" \/>\t\t\t\t\t\t\t\t\t\t\t\t\t<\/p>\n<h2>N\u00f3s estamos aqui para ajudar! Ligue para n\u00f3s hoje!<\/h2>\n<p>\t\t\t<a href=\"https:\/\/api.whatsapp.com\/send?phone=551129590615\"><br \/>\n\t\t\t\t<svg aria-hidden=\"true\" viewBox=\"0 0 448 512\" xmlns=\"http:\/\/www.w3.org\/2000\/svg\"><path d=\"M190.5 66.9l22.2-22.2c9.4-9.4 24.6-9.4 33.9 0L441 239c9.4 9.4 9.4 24.6 0 33.9L246.6 467.3c-9.4 9.4-24.6 9.4-33.9 0l-22.2-22.2c-9.5-9.5-9.3-25 .4-34.3L311.4 296H24c-13.3 0-24-10.7-24-24v-32c0-13.3 10.7-24 24-24h287.4L190.9 101.2c-9.8-9.3-10-24.8-.4-34.3z\"><\/path><\/svg><br \/>\n\t\t\t\t\t\t\t\t\t(11) 2959-0615<br \/>\n\t\t\t\t\t<\/a><\/p>\n","protected":false},"excerpt":{"rendered":"<p>AGI SEGUROS Oferecemos os mais diversos seguros com as melhores seguradoras do Mercado, al\u00e9m de Cons\u00f3rcio de autom\u00f3veis e im\u00f3veis Entre em contato Sobre n\u00f3s Temos uma equipe de profissionais experientes que est\u00e3o comprometidos em ajudar nossos clientes a alcan\u00e7ar seus objetivos. Somos \u00a0uma \u00a0empresa \u00a0formada \u00a0por \u00a0profissionais \u00a0jovens \u00a0e competentes, experientes \u00a0e dedicados. \u00a0A [&hellip;]<\/p>\n","protected":false},"author":1,"featured_media":0,"parent":0,"menu_order":0,"comment_status":"closed","ping_status":"closed","template":"elementor_theme","meta":{"site-sidebar-layout":"no-sidebar","site-content-layout":"page-builder","ast-site-content-layout":"","site-content-style":"default","site-sidebar-style":"default","ast-global-header-display":"","ast-banner-title-visibility":"","ast-main-header-display":"","ast-hfb-above-header-display":"","ast-hfb-below-header-display":"","ast-hfb-mobile-header-display":"","site-post-title":"disabled","ast-breadcrumbs-content":"","ast-featured-img":"disabled","footer-sml-layout":"","theme-transparent-header-meta":"enabled","adv-header-id-meta":"","stick-header-meta":"","header-above-stick-meta":"","header-main-stick-meta":"","header-below-stick-meta":"","astra-migrate-meta-layouts":"default","ast-page-background-enabled":"default","ast-page-background-meta":{"desktop":{"background-color":"","background-image":"","background-repeat":"repeat","background-position":"center center","background-size":"auto","background-attachment":"scroll","background-type":"","background-media":"","overlay-type":"","overlay-color":"","overlay-opacity":"","overlay-gradient":""},"tablet":{"background-color":"","background-image":"","background-repeat":"repeat","background-position":"center center","background-size":"auto","background-attachment":"scroll","background-type":"","background-media":"","overlay-type":"","overlay-color":"","overlay-opacity":"","overlay-gradient":""},"mobile":{"background-color":"","background-image":"","background-repeat":"repeat","background-position":"center center","background-size":"auto","background-attachment":"scroll","background-type":"","background-media":"","overlay-type":"","overlay-color":"","overlay-opacity":"","overlay-gradient":""}},"ast-content-background-meta":{"desktop":{"background-color":"var(--ast-global-color-5)","background-image":"","background-repeat":"repeat","background-position":"center center","background-size":"auto","background-attachment":"scroll","background-type":"","background-media":"","overlay-type":"","overlay-color":"","overlay-opacity":"","overlay-gradient":""},"tablet":{"background-color":"var(--ast-global-color-5)","background-image":"","background-repeat":"repeat","background-position":"center center","background-size":"auto","background-attachment":"scroll","background-type":"","background-media":"","overlay-type":"","overlay-color":"","overlay-opacity":"","overlay-gradient":""},"mobile":{"background-color":"var(--ast-global-color-5)","background-image":"","background-repeat":"repeat","background-position":"center center","background-size":"auto","background-attachment":"scroll","background-type":"","background-media":"","overlay-type":"","overlay-color":"","overlay-opacity":"","overlay-gradient":""}},"footnotes":""},"class_list":["post-497","page","type-page","status-publish","hentry"],"_links":{"self":[{"href":"https:\/\/agiseguros.com.br\/index.php?rest_route=\/wp\/v2\/pages\/497"}],"collection":[{"href":"https:\/\/agiseguros.com.br\/index.php?rest_route=\/wp\/v2\/pages"}],"about":[{"href":"https:\/\/agiseguros.com.br\/index.php?rest_route=\/wp\/v2\/types\/page"}],"author":[{"embeddable":true,"href":"https:\/\/agiseguros.com.br\/index.php?rest_route=\/wp\/v2\/users\/1"}],"replies":[{"embeddable":true,"href":"https:\/\/agiseguros.com.br\/index.php?rest_route=%2Fwp%2Fv2%2Fcomments&post=497"}],"version-history":[{"count":118,"href":"https:\/\/agiseguros.com.br\/index.php?rest_route=\/wp\/v2\/pages\/497\/revisions"}],"predecessor-version":[{"id":1237,"href":"https:\/\/agiseguros.com.br\/index.php?rest_route=\/wp\/v2\/pages\/497\/revisions\/1237"}],"wp:attachment":[{"href":"https:\/\/agiseguros.com.br\/index.php?rest_route=%2Fwp%2Fv2%2Fmedia&parent=497"}],"curies":[{"name":"wp","href":"https:\/\/api.w.org\/{rel}","templated":true}]}}